{"id":761,"date":"2026-04-30T14:57:44","date_gmt":"2026-04-30T14:57:44","guid":{"rendered":"https:\/\/sunka-ecogites.fr\/?page_id=761"},"modified":"2026-04-30T14:57:44","modified_gmt":"2026-04-30T14:57:44","slug":"on-parle-de-nous","status":"publish","type":"page","link":"https:\/\/sunka-ecogites.fr\/index.php\/on-parle-de-nous\/","title":{"rendered":"On parle de nous"},"content":{"rendered":"<p>[et_pb_section fb_built=\u00a0\u00bb1&Prime; _builder_version=\u00a0\u00bb4.19.3&Prime; _module_preset=\u00a0\u00bbdefault\u00a0\u00bb background_color=\u00a0\u00bb#000000&Prime; width=\u00a0\u00bb100%\u00a0\u00bb custom_margin=\u00a0\u00bb0px||0px||false|false\u00a0\u00bb custom_padding=\u00a0\u00bb0px||0px||false|false\u00a0\u00bb global_colors_info=\u00a0\u00bb{}\u00a0\u00bb theme_builder_area=\u00a0\u00bbpost_content\u00a0\u00bb][et_pb_row _builder_version=\u00a0\u00bb4.19.3&Prime; _module_preset=\u00a0\u00bbdefault\u00a0\u00bb width=\u00a0\u00bb100%\u00a0\u00bb max_width=\u00a0\u00bb2560px\u00a0\u00bb module_alignment=\u00a0\u00bbcenter\u00a0\u00bb custom_margin=\u00a0\u00bb0px||0px||false|false\u00a0\u00bb custom_padding=\u00a0\u00bb0px||0px||false|false\u00a0\u00bb global_colors_info=\u00a0\u00bb{}\u00a0\u00bb theme_builder_area=\u00a0\u00bbpost_content\u00a0\u00bb][et_pb_column type=\u00a0\u00bb4_4&Prime; _builder_version=\u00a0\u00bb4.19.3&Prime; _module_preset=\u00a0\u00bbdefault\u00a0\u00bb global_colors_info=\u00a0\u00bb{}\u00a0\u00bb theme_builder_area=\u00a0\u00bbpost_content\u00a0\u00bb][et_pb_text _builder_version=\u00a0\u00bb4.19.4&Prime; _module_preset=\u00a0\u00bbdefault\u00a0\u00bb header_font=\u00a0\u00bbAlumni Sans|||on|||||\u00a0\u00bb header_text_align=\u00a0\u00bbcenter\u00a0\u00bb header_text_color=\u00a0\u00bb#c3af89&Prime; header_font_size=\u00a0\u00bb46px\u00a0\u00bb global_colors_info=\u00a0\u00bb{}\u00a0\u00bb theme_builder_area=\u00a0\u00bbpost_content\u00a0\u00bb]<\/p>\n<h1><span>On parle de nous<\/span><\/h1>\n<p>[\/et_pb_text][\/et_pb_column][\/et_pb_row][\/et_pb_section][et_pb_section fb_built=\u00a0\u00bb1&Prime; _builder_version=\u00a0\u00bb4.19.3&Prime; _module_preset=\u00a0\u00bbdefault\u00a0\u00bb background_color=\u00a0\u00bbRGBA(255,255,255,0)\u00a0\u00bb global_colors_info=\u00a0\u00bb{}\u00a0\u00bb theme_builder_area=\u00a0\u00bbpost_content\u00a0\u00bb][et_pb_row _builder_version=\u00a0\u00bb4.27.6&Prime; _module_preset=\u00a0\u00bbdefault\u00a0\u00bb custom_padding=\u00a0\u00bb|0px||0px|false|false\u00a0\u00bb custom_css_main_element=\u00a0\u00bbbackdrop-filter:blur(10px);\u00a0\u00bb global_colors_info=\u00a0\u00bb{}\u00a0\u00bb theme_builder_area=\u00a0\u00bbpost_content\u00a0\u00bb][et_pb_column type=\u00a0\u00bb4_4&Prime; _builder_version=\u00a0\u00bb4.19.3&Prime; _module_preset=\u00a0\u00bbdefault\u00a0\u00bb global_colors_info=\u00a0\u00bb{}\u00a0\u00bb theme_builder_area=\u00a0\u00bbpost_content\u00a0\u00bb][et_pb_text _builder_version=\u00a0\u00bb4.27.6&Prime; _module_preset=\u00a0\u00bbdefault\u00a0\u00bb text_font=\u00a0\u00bbAlumni Sans||||||||\u00a0\u00bb text_font_size=\u00a0\u00bb24px\u00a0\u00bb text_orientation=\u00a0\u00bbjustified\u00a0\u00bb global_colors_info=\u00a0\u00bb{}\u00a0\u00bb theme_builder_area=\u00a0\u00bbpost_content\u00a0\u00bb]<\/p>\n<p data-path-to-node=\"5,0\"><b data-path-to-node=\"5,0\" data-index-in-node=\"0\"><br \/>Le tourisme durable \u00e0 l&rsquo;honneur<\/b><\/p>\n<p data-path-to-node=\"5,1\">Bienvenue chez Sunka. Plus qu&rsquo;un simple lieu de s\u00e9jour, nos \u00e9co-g\u00eetes \u00e0 Limoux s&rsquo;inscrivent dans une d\u00e9marche de respect profond de l&rsquo;environnement et de l&rsquo;humain. Nous sommes ravis de voir cet engagement reconnu par des acteurs majeurs du tourisme responsable. D\u00e9couvrez les articles et s\u00e9lections qui mettent en lumi\u00e8re notre philosophie et nos actions concr\u00e8tes.<\/p>\n<h1><a href=\"https:\/\/www.audetourisme.com\/fr\/a-voir-a-faire\/nos-tops\/7-lieux-pour-un-sejour-ecoresponsable\/\">7 lieux pour un s\u00e9jour respectueux de la nature<\/a><\/h1>\n<p data-path-to-node=\"5,1\"><span style=\"font-size: 24px;\">Figurer dans le Top 7 des destinations pour un s\u00e9jour durable est une fiert\u00e9 pour notre famille. Cet article souligne notre engagement pour la pr\u00e9servation de la biodiversit\u00e9 locale et l&rsquo;utilisation de mat\u00e9riaux sains au sein de nos g\u00eetes Sunka.<\/span><span style=\"font-size: 24px;\"><\/span><\/p>\n<p>&nbsp;<\/p>\n<p>[\/et_pb_text][\/et_pb_column][\/et_pb_row][et_pb_row _builder_version=\u00a0\u00bb4.27.6&Prime; _module_preset=\u00a0\u00bbdefault\u00a0\u00bb global_colors_info=\u00a0\u00bb{}\u00a0\u00bb theme_builder_area=\u00a0\u00bbpost_content\u00a0\u00bb][et_pb_column type=\u00a0\u00bb4_4&Prime; _builder_version=\u00a0\u00bb4.27.6&Prime; _module_preset=\u00a0\u00bbdefault\u00a0\u00bb global_colors_info=\u00a0\u00bb{}\u00a0\u00bb theme_builder_area=\u00a0\u00bbpost_content\u00a0\u00bb][et_pb_image src=\u00a0\u00bbhttps:\/\/sunka-ecogites.fr\/wp-content\/uploads\/sunka_ecogites.png\u00a0\u00bb alt=\u00a0\u00bbSunka \u00e9cog\u00eetes figure dans les 7 lieux pour un s\u00e9jour \u00e9co-responsable\u00a0\u00bb title_text=\u00a0\u00bbsunka_ecogites\u00a0\u00bb url=\u00a0\u00bbhttps:\/\/www.audetourisme.com\/fr\/a-voir-a-faire\/nos-tops\/7-lieux-pour-un-sejour-ecoresponsable\/\u00a0\u00bb _builder_version=\u00a0\u00bb4.27.6&Prime; _module_preset=\u00a0\u00bbdefault\u00a0\u00bb global_colors_info=\u00a0\u00bb{}\u00a0\u00bb theme_builder_area=\u00a0\u00bbpost_content\u00a0\u00bb][\/et_pb_image][\/et_pb_column][\/et_pb_row][et_pb_row _builder_version=\u00a0\u00bb4.27.6&Prime; _module_preset=\u00a0\u00bbdefault\u00a0\u00bb global_colors_info=\u00a0\u00bb{}\u00a0\u00bb theme_builder_area=\u00a0\u00bbpost_content\u00a0\u00bb][et_pb_column type=\u00a0\u00bb4_4&Prime; _builder_version=\u00a0\u00bb4.27.6&Prime; _module_preset=\u00a0\u00bbdefault\u00a0\u00bb global_colors_info=\u00a0\u00bb{}\u00a0\u00bb theme_builder_area=\u00a0\u00bbpost_content\u00a0\u00bb][et_pb_text _builder_version=\u00a0\u00bb4.27.6&Prime; _module_preset=\u00a0\u00bbdefault\u00a0\u00bb text_font=\u00a0\u00bbAlumni Sans||||||||\u00a0\u00bb text_font_size=\u00a0\u00bb24px\u00a0\u00bb global_colors_info=\u00a0\u00bb{}\u00a0\u00bb theme_builder_area=\u00a0\u00bbpost_content\u00a0\u00bb]<\/p>\n<h1>Le r\u00e9seau G\u00eetes de France<\/h1>\n<h1><\/h1>\n<p data-path-to-node=\"5,1\"><span style=\"font-size: 24px;\">valorise les h\u00e9bergements qui font de l&rsquo;\u00e9cologie une priorit\u00e9 quotidienne o\u00f9 chaque d\u00e9tail est pens\u00e9 pour limiter notre empreinte carbone tout en maximisant votre confort.<br \/>Retrouvez nos g\u00eetes parmi leur s\u00e9lection de week-ends &amp; s\u00e9jours nature.\u00a0<\/span><\/p>\n<p>[\/et_pb_text][\/et_pb_column][\/et_pb_row][et_pb_row _builder_version=\u00a0\u00bb4.19.4&Prime; _module_preset=\u00a0\u00bbdefault\u00a0\u00bb locked=\u00a0\u00bboff\u00a0\u00bb global_colors_info=\u00a0\u00bb{}\u00a0\u00bb theme_builder_area=\u00a0\u00bbpost_content\u00a0\u00bb][et_pb_column type=\u00a0\u00bb4_4&Prime; _builder_version=\u00a0\u00bb4.19.4&Prime; _module_preset=\u00a0\u00bbdefault\u00a0\u00bb global_colors_info=\u00a0\u00bb{}\u00a0\u00bb theme_builder_area=\u00a0\u00bbpost_content\u00a0\u00bb][et_pb_button button_url=\u00a0\u00bbhttps:\/\/www.gites-de-france-sud.fr\/weekends-et-sejours\/week-ends-sejours-ecolos\u00a0\u00bb button_text=\u00a0\u00bbS\u00e9lection G\u00eetes de France\u00a0\u00bb button_alignment=\u00a0\u00bbcenter\u00a0\u00bb _builder_version=\u00a0\u00bb4.27.6&Prime; _module_preset=\u00a0\u00bbdefault\u00a0\u00bb custom_button=\u00a0\u00bbon\u00a0\u00bb button_text_color=\u00a0\u00bbgcid-ef72bfc4-f26d-4a06-a371-2f069e140ae8&Prime; button_bg_color=\u00a0\u00bb#000000&Prime; button_border_width=\u00a0\u00bb0px\u00a0\u00bb button_border_radius=\u00a0\u00bb0px\u00a0\u00bb button_font=\u00a0\u00bb|||on|||||\u00a0\u00bb button_use_icon=\u00a0\u00bboff\u00a0\u00bb custom_padding=\u00a0\u00bb1rem|3.5rem|1rem|3.5rem|true|true\u00a0\u00bb hover_enabled=\u00a0\u00bb0&Prime; global_colors_info=\u00a0\u00bb{%22gcid-ef72bfc4-f26d-4a06-a371-2f069e140ae8%22:%91%22button_text_color%22%93}\u00a0\u00bb theme_builder_area=\u00a0\u00bbpost_content\u00a0\u00bb sticky_enabled=\u00a0\u00bb0&Prime;][\/et_pb_button][\/et_pb_column][\/et_pb_row][\/et_pb_section]<\/p>\n","protected":false},"excerpt":{"rendered":"<p>On parle de nousLe tourisme durable \u00e0 l&rsquo;honneur Bienvenue chez Sunka. Plus qu&rsquo;un simple lieu de s\u00e9jour, nos \u00e9co-g\u00eetes \u00e0 Limoux s&rsquo;inscrivent dans une d\u00e9marche de respect profond de l&rsquo;environnement et de l&rsquo;humain. Nous sommes ravis de voir cet engagement reconnu par des acteurs majeurs du tourisme responsable. D\u00e9couvrez les articles et s\u00e9lections qui mettent [&hellip;]<\/p>\n","protected":false},"author":2,"featured_media":0,"parent":0,"menu_order":0,"comment_status":"closed","ping_status":"closed","template":"","meta":{"_et_pb_use_builder":"on","_et_pb_old_content":"<!-- wp:paragraph -->\n<p><strong>Le tourisme durable \u00e0 l'honneur<\/strong><\/p>\n<!-- \/wp:paragraph -->\n\n<!-- wp:paragraph -->\n<p>Bienvenue chez Sunka. Plus qu'un simple lieu de s\u00e9jour, nos \u00e9co-g\u00eetes \u00e0 Limoux s'inscrivent dans une d\u00e9marche de respect profond de l'environnement et de l'humain. Nous sommes ravis de voir cet engagement reconnu par des acteurs majeurs du tourisme responsable. D\u00e9couvrez les articles et s\u00e9lections qui mettent en lumi\u00e8re notre philosophie et nos actions concr\u00e8tes.<\/p>\n<!-- \/wp:paragraph -->","_et_gb_content_width":"","_monsterinsights_skip_tracking":false,"_monsterinsights_sitenote_active":false,"_monsterinsights_sitenote_note":"","_monsterinsights_sitenote_category":0,"footnotes":""},"class_list":["post-761","page","type-page","status-publish","hentry"],"aioseo_notices":[],"_links":{"self":[{"href":"https:\/\/sunka-ecogites.fr\/index.php\/wp-json\/wp\/v2\/pages\/761","targetHints":{"allow":["GET"]}}],"collection":[{"href":"https:\/\/sunka-ecogites.fr\/index.php\/wp-json\/wp\/v2\/pages"}],"about":[{"href":"https:\/\/sunka-ecogites.fr\/index.php\/wp-json\/wp\/v2\/types\/page"}],"author":[{"embeddable":true,"href":"https:\/\/sunka-ecogites.fr\/index.php\/wp-json\/wp\/v2\/users\/2"}],"replies":[{"embeddable":true,"href":"https:\/\/sunka-ecogites.fr\/index.php\/wp-json\/wp\/v2\/comments?post=761"}],"version-history":[{"count":17,"href":"https:\/\/sunka-ecogites.fr\/index.php\/wp-json\/wp\/v2\/pages\/761\/revisions"}],"predecessor-version":[{"id":797,"href":"https:\/\/sunka-ecogites.fr\/index.php\/wp-json\/wp\/v2\/pages\/761\/revisions\/797"}],"wp:attachment":[{"href":"https:\/\/sunka-ecogites.fr\/index.php\/wp-json\/wp\/v2\/media?parent=761"}],"curies":[{"name":"wp","href":"https:\/\/api.w.org\/{rel}","templated":true}]}}

<p>[et_pb_section fb_built= »1&Prime; _builder_version= »4.19.3&Prime; _module_preset= »default » background_color= »#000000&Prime; width= »100% » custom_margin= »0px||0px||false|false » custom_padding= »0px||0px||false|false » global_colors_info= »{} » theme_builder_area= »post_content »][et_pb_row _builder_version= »4.19.3&Prime; _module_preset= »default » width= »100% » max_width= »2560px » module_alignment= »center » custom_margin= »0px||0px||false|false » custom_padding= »0px||0px||false|false » global_colors_info= »{} » theme_builder_area= »post_content »][et_pb_column type= »4_4&Prime; _builder_version= »4.19.3&Prime; _module_preset= »default » global_colors_info= »{} » theme_builder_area= »post_content »][et_pb_text _builder_version= »4.19.4&Prime; _module_preset= »default » header_font= »Alumni Sans|||on||||| » header_text_align= »center » header_text_color= »#c3af89&Prime; header_font_size= »46px » global_colors_info= »{} » theme_builder_area= »post_content »]</p>
<h1><span>On parle de nous</span></h1>
<p>[/et_pb_text][/et_pb_column][/et_pb_row][/et_pb_section][et_pb_section fb_built= »1&Prime; _builder_version= »4.19.3&Prime; _module_preset= »default » background_color= »RGBA(255,255,255,0) » global_colors_info= »{} » theme_builder_area= »post_content »][et_pb_row _builder_version= »4.27.6&Prime; _module_preset= »default » custom_padding= »|0px||0px|false|false » custom_css_main_element= »backdrop-filter:blur(10px); » global_colors_info= »{} » theme_builder_area= »post_content »][et_pb_column type= »4_4&Prime; _builder_version= »4.19.3&Prime; _module_preset= »default » global_colors_info= »{} » theme_builder_area= »post_content »][et_pb_text _builder_version= »4.27.6&Prime; _module_preset= »default » text_font= »Alumni Sans|||||||| » text_font_size= »24px » text_orientation= »justified » global_colors_info= »{} » theme_builder_area= »post_content »]</p>
<p data-path-to-node="5,0"><b data-path-to-node="5,0" data-index-in-node="0"><br />Le tourisme durable à l&rsquo;honneur</b></p>
<p data-path-to-node="5,1">Bienvenue chez Sunka. Plus qu&rsquo;un simple lieu de séjour, nos éco-gîtes à Limoux s&rsquo;inscrivent dans une démarche de respect profond de l&rsquo;environnement et de l&rsquo;humain. Nous sommes ravis de voir cet engagement reconnu par des acteurs majeurs du tourisme responsable. Découvrez les articles et sélections qui mettent en lumière notre philosophie et nos actions concrètes.</p>
<h1><a href="https://www.audetourisme.com/fr/a-voir-a-faire/nos-tops/7-lieux-pour-un-sejour-ecoresponsable/">7 lieux pour un séjour respectueux de la nature</a></h1>
<p data-path-to-node="5,1"><span style="font-size: 24px;">Figurer dans le Top 7 des destinations pour un séjour durable est une fierté pour notre famille. Cet article souligne notre engagement pour la préservation de la biodiversité locale et l&rsquo;utilisation de matériaux sains au sein de nos gîtes Sunka.</span><span style="font-size: 24px;"></span></p>
<p>&nbsp;</p>
<p>[/et_pb_text][/et_pb_column][/et_pb_row][et_pb_row _builder_version= »4.27.6&Prime; _module_preset= »default » global_colors_info= »{} » theme_builder_area= »post_content »][et_pb_column type= »4_4&Prime; _builder_version= »4.27.6&Prime; _module_preset= »default » global_colors_info= »{} » theme_builder_area= »post_content »][et_pb_image src= »https://sunka-ecogites.fr/wp-content/uploads/sunka_ecogites.png » alt= »Sunka écogîtes figure dans les 7 lieux pour un séjour éco-responsable » title_text= »sunka_ecogites » url= »https://www.audetourisme.com/fr/a-voir-a-faire/nos-tops/7-lieux-pour-un-sejour-ecoresponsable/ » _builder_version= »4.27.6&Prime; _module_preset= »default » global_colors_info= »{} » theme_builder_area= »post_content »][/et_pb_image][/et_pb_column][/et_pb_row][et_pb_row _builder_version= »4.27.6&Prime; _module_preset= »default » global_colors_info= »{} » theme_builder_area= »post_content »][et_pb_column type= »4_4&Prime; _builder_version= »4.27.6&Prime; _module_preset= »default » global_colors_info= »{} » theme_builder_area= »post_content »][et_pb_text _builder_version= »4.27.6&Prime; _module_preset= »default » text_font= »Alumni Sans|||||||| » text_font_size= »24px » global_colors_info= »{} » theme_builder_area= »post_content »]</p>
<h1>Le réseau Gîtes de France</h1>
<h1></h1>
<p data-path-to-node="5,1"><span style="font-size: 24px;">valorise les hébergements qui font de l&rsquo;écologie une priorité quotidienne où chaque détail est pensé pour limiter notre empreinte carbone tout en maximisant votre confort.<br />Retrouvez nos gîtes parmi leur sélection de week-ends &amp; séjours nature. </span></p>
<p>[/et_pb_text][/et_pb_column][/et_pb_row][et_pb_row _builder_version= »4.19.4&Prime; _module_preset= »default » locked= »off » global_colors_info= »{} » theme_builder_area= »post_content »][et_pb_column type= »4_4&Prime; _builder_version= »4.19.4&Prime; _module_preset= »default » global_colors_info= »{} » theme_builder_area= »post_content »][et_pb_button button_url= »https://www.gites-de-france-sud.fr/weekends-et-sejours/week-ends-sejours-ecolos » button_text= »Sélection Gîtes de France » button_alignment= »center » _builder_version= »4.27.6&Prime; _module_preset= »default » custom_button= »on » button_text_color= »gcid-ef72bfc4-f26d-4a06-a371-2f069e140ae8&Prime; button_bg_color= »#000000&Prime; button_border_width= »0px » button_border_radius= »0px » button_font= »|||on||||| » button_use_icon= »off » custom_padding= »1rem|3.5rem|1rem|3.5rem|true|true » hover_enabled= »0&Prime; global_colors_info= »{%22gcid-ef72bfc4-f26d-4a06-a371-2f069e140ae8%22:%91%22button_text_color%22%93} » theme_builder_area= »post_content » sticky_enabled= »0&Prime;][/et_pb_button][/et_pb_column][/et_pb_row][/et_pb_section]</p>

<p>On parle de nousLe tourisme durable à l&rsquo;honneur Bienvenue chez Sunka. Plus qu&rsquo;un simple lieu de séjour, nos éco-gîtes à Limoux s&rsquo;inscrivent dans une démarche de respect profond de l&rsquo;environnement et de l&rsquo;humain. Nous sommes ravis de voir cet engagement reconnu par des acteurs majeurs du tourisme responsable. Découvrez les articles et sélections qui mettent [&hellip;]</p>

<!-- wp:paragraph -->
<p><strong>Le tourisme durable à l'honneur</strong></p>
<!-- /wp:paragraph -->

<!-- wp:paragraph -->
<p>Bienvenue chez Sunka. Plus qu'un simple lieu de séjour, nos éco-gîtes à Limoux s'inscrivent dans une démarche de respect profond de l'environnement et de l'humain. Nous sommes ravis de voir cet engagement reconnu par des acteurs majeurs du tourisme responsable. Découvrez les articles et sélections qui mettent en lumière notre philosophie et nos actions concrètes.</p>
<!-- /wp:paragraph -->
