{"id":640,"date":"2023-02-10T12:54:07","date_gmt":"2023-02-10T12:54:07","guid":{"rendered":"https:\/\/sunka-ecogites.fr\/?page_id=640"},"modified":"2023-02-10T16:29:50","modified_gmt":"2023-02-10T16:29:50","slug":"640-2","status":"publish","type":"page","link":"https:\/\/sunka-ecogites.fr\/index.php\/640-2\/","title":{"rendered":"Mentions L\u00e9gales"},"content":{"rendered":"<p>[et_pb_section fb_built=\u00a0\u00bb1&Prime; _builder_version=\u00a0\u00bb4.19.3&Prime; _module_preset=\u00a0\u00bbdefault\u00a0\u00bb background_color=\u00a0\u00bbRGBA(255,255,255,0)\u00a0\u00bb global_colors_info=\u00a0\u00bb{}\u00a0\u00bb theme_builder_area=\u00a0\u00bbpost_content\u00a0\u00bb][et_pb_row _builder_version=\u00a0\u00bb4.19.3&Prime; _module_preset=\u00a0\u00bbdefault\u00a0\u00bb global_colors_info=\u00a0\u00bb{}\u00a0\u00bb theme_builder_area=\u00a0\u00bbpost_content\u00a0\u00bb][et_pb_column type=\u00a0\u00bb4_4&Prime; _builder_version=\u00a0\u00bb4.19.3&Prime; _module_preset=\u00a0\u00bbdefault\u00a0\u00bb global_colors_info=\u00a0\u00bb{}\u00a0\u00bb theme_builder_area=\u00a0\u00bbpost_content\u00a0\u00bb][et_pb_text _builder_version=\u00a0\u00bb4.19.4&Prime; _module_preset=\u00a0\u00bbdefault\u00a0\u00bb text_font=\u00a0\u00bbAlumni Sans||||||||\u00a0\u00bb text_font_size=\u00a0\u00bb20px\u00a0\u00bb global_colors_info=\u00a0\u00bb{}\u00a0\u00bb theme_builder_area=\u00a0\u00bbpost_content\u00a0\u00bb]<\/p>\n<p><span data-metadata=\"&lt;!--(figmeta)eyJmaWxlS2V5IjoicUVZOHlZS3hDdndYdWY4Y0x4ZmVHayIsInBhc3RlSUQiOjE0MTQwNTA5NzEsImRhdGFUeXBlIjoic2NlbmUifQo=(\/figmeta)--&gt;\"><\/span><\/p>\n<div>\n<div class=\"nH a4O cfHDBfbFEBBdIdbb\">\n<div class=\"nH\">\n<div class=\"nH aqk aql bkL\">\n<div class=\"nH bkK\">\n<div class=\"nH\">\n<div class=\"nH\">\n<div class=\"nH ar4 B\">\n<div class=\"aeI\">\n<div class=\"AO\">\n<div id=\":3\" class=\"Tm aeJ\">\n<div id=\":1\" class=\"aeF\">\n<div class=\"nH\">\n<div class=\"nH\" role=\"main\">\n<div class=\"nH g\">\n<h1><\/h1>\n<p>&nbsp;<\/p>\n<h1>Mentions L\u00e9gales<\/h1>\n<p><span style=\"font-size: x-large;\">Sunka Ecogite<br \/><\/span><span style=\"font-size: 20px;\">Location de g\u00eetes et prestations annexes, prestations de services en <\/span><span style=\"font-size: 20px;\">agencement ext\u00e9rieur et int\u00e9rieur<\/span><\/p>\n<p><span style=\"font-size: 20px;\">RCS : 420 396 566 R.C.S. Carcassonne<\/span><\/p>\n<p>45 chemin de Carliqui<span style=\"font-size: 20px;\"><\/span><\/p>\n<p>11300 Limoux<\/p>\n<p>T\u00e9l : <span>+33 6 26 36 31 41<\/span><\/p>\n<p>Mail : <a href=\"mailto:contact@sunka.fr\">contact@sunka.fr<\/a><\/p>\n<p>Cr\u00e9dits photographiques : Office du tourisme du Limouxin &#8211; Anthony Molina &#8211; Emilie Gobi-Hy &#8211; G\u00eetes de France<\/p>\n<p>Ce site est h\u00e9berg\u00e9 par <a href=\"https:\/\/www.hostinger.fr\/\">Hostinger<\/a>\u00a0<\/p>\n<p>Vous pouvez consulter nos Conditions g\u00e9n\u00e9rales de vente <a href=\"index.php\/conditions-generales\">ici.<\/a><\/p>\n<p>Vous pouvez consulter notre politique de confidentialit\u00e9 <a href=\"\/index.php\/privacy-policy\/\">ici<\/a><\/p>\n<p>&nbsp;<\/p>\n<\/div>\n<\/div>\n<\/div>\n<\/div>\n<\/div>\n<\/div>\n<\/div>\n<\/div>\n<\/div>\n<\/div>\n<\/div>\n<\/div>\n<\/div>\n<\/div>\n<\/div>\n<p>[\/et_pb_text][\/et_pb_column][\/et_pb_row][\/et_pb_section]<\/p>\n","protected":false},"excerpt":{"rendered":"<p>&nbsp; Mentions L\u00e9gales Sunka EcogiteLocation de g\u00eetes et prestations annexes, prestations de services en agencement ext\u00e9rieur et int\u00e9rieur RCS : 420 396 566 R.C.S. Carcassonne 45 chemin de Carliqui 11300 Limoux T\u00e9l : +33 6 26 36 31 41 Mail : contact@sunka.fr Cr\u00e9dits photographiques : Office du tourisme du Limouxin &#8211; Anthony Molina &#8211; Emilie [&hellip;]<\/p>\n","protected":false},"author":1,"featured_media":0,"parent":0,"menu_order":0,"comment_status":"closed","ping_status":"closed","template":"","meta":{"_et_pb_use_builder":"on","_et_pb_old_content":"","_et_gb_content_width":"","_monsterinsights_skip_tracking":false,"_monsterinsights_sitenote_active":false,"_monsterinsights_sitenote_note":"","_monsterinsights_sitenote_category":0,"footnotes":""},"class_list":["post-640","page","type-page","status-publish","hentry"],"aioseo_notices":[],"_links":{"self":[{"href":"https:\/\/sunka-ecogites.fr\/index.php\/wp-json\/wp\/v2\/pages\/640","targetHints":{"allow":["GET"]}}],"collection":[{"href":"https:\/\/sunka-ecogites.fr\/index.php\/wp-json\/wp\/v2\/pages"}],"about":[{"href":"https:\/\/sunka-ecogites.fr\/index.php\/wp-json\/wp\/v2\/types\/page"}],"author":[{"embeddable":true,"href":"https:\/\/sunka-ecogites.fr\/index.php\/wp-json\/wp\/v2\/users\/1"}],"replies":[{"embeddable":true,"href":"https:\/\/sunka-ecogites.fr\/index.php\/wp-json\/wp\/v2\/comments?post=640"}],"version-history":[{"count":8,"href":"https:\/\/sunka-ecogites.fr\/index.php\/wp-json\/wp\/v2\/pages\/640\/revisions"}],"predecessor-version":[{"id":675,"href":"https:\/\/sunka-ecogites.fr\/index.php\/wp-json\/wp\/v2\/pages\/640\/revisions\/675"}],"wp:attachment":[{"href":"https:\/\/sunka-ecogites.fr\/index.php\/wp-json\/wp\/v2\/media?parent=640"}],"curies":[{"name":"wp","href":"https:\/\/api.w.org\/{rel}","templated":true}]}}