{"id":396,"date":"2023-01-03T16:13:50","date_gmt":"2023-01-03T16:13:50","guid":{"rendered":"https:\/\/sunka-ecogites.fr\/?page_id=396"},"modified":"2023-02-10T12:10:54","modified_gmt":"2023-02-10T12:10:54","slug":"le-projet-sunka","status":"publish","type":"page","link":"https:\/\/sunka-ecogites.fr\/index.php\/le-projet-sunka\/","title":{"rendered":"Le projet Sunka"},"content":{"rendered":"<p>[et_pb_section fb_built=\u00a0\u00bb1&Prime; _builder_version=\u00a0\u00bb4.19.3&Prime; _module_preset=\u00a0\u00bbdefault\u00a0\u00bb background_color=\u00a0\u00bb#000000&Prime; width=\u00a0\u00bb100%\u00a0\u00bb custom_margin=\u00a0\u00bb0px||0px||false|false\u00a0\u00bb custom_padding=\u00a0\u00bb0px||0px||false|false\u00a0\u00bb global_colors_info=\u00a0\u00bb{}\u00a0\u00bb theme_builder_area=\u00a0\u00bbpost_content\u00a0\u00bb][et_pb_row _builder_version=\u00a0\u00bb4.19.3&Prime; _module_preset=\u00a0\u00bbdefault\u00a0\u00bb width=\u00a0\u00bb100%\u00a0\u00bb max_width=\u00a0\u00bb2560px\u00a0\u00bb module_alignment=\u00a0\u00bbcenter\u00a0\u00bb custom_margin=\u00a0\u00bb0px||0px||false|false\u00a0\u00bb custom_padding=\u00a0\u00bb0px||0px||false|false\u00a0\u00bb global_colors_info=\u00a0\u00bb{}\u00a0\u00bb theme_builder_area=\u00a0\u00bbpost_content\u00a0\u00bb][et_pb_column type=\u00a0\u00bb4_4&Prime; _builder_version=\u00a0\u00bb4.19.3&Prime; _module_preset=\u00a0\u00bbdefault\u00a0\u00bb global_colors_info=\u00a0\u00bb{}\u00a0\u00bb theme_builder_area=\u00a0\u00bbpost_content\u00a0\u00bb][et_pb_text _builder_version=\u00a0\u00bb4.19.4&Prime; _module_preset=\u00a0\u00bbdefault\u00a0\u00bb header_font=\u00a0\u00bbAlumni Sans|||on|||||\u00a0\u00bb header_text_align=\u00a0\u00bbcenter\u00a0\u00bb header_text_color=\u00a0\u00bb#c3af89&Prime; header_font_size=\u00a0\u00bb46px\u00a0\u00bb global_colors_info=\u00a0\u00bb{}\u00a0\u00bb theme_builder_area=\u00a0\u00bbpost_content\u00a0\u00bb]<\/p>\n<h1><span>LE Projet SUNKA<br \/><\/span><\/h1>\n<h1 class=\"tw-data-text tw-text-large tw-ta\" data-placeholder=\"Traduction\" id=\"tw-target-text\" dir=\"ltr\"><span class=\"Y2IQFc\" lang=\"ja\">\u3059\u3093\u304b\u30d7\u30ed\u30b8\u30a7\u30af\u30c8<\/span><\/h1>\n<p>[\/et_pb_text][\/et_pb_column][\/et_pb_row][\/et_pb_section][et_pb_section fb_built=\u00a0\u00bb1&Prime; _builder_version=\u00a0\u00bb4.19.3&Prime; _module_preset=\u00a0\u00bbdefault\u00a0\u00bb background_color=\u00a0\u00bbRGBA(255,255,255,0)\u00a0\u00bb global_colors_info=\u00a0\u00bb{}\u00a0\u00bb theme_builder_area=\u00a0\u00bbpost_content\u00a0\u00bb][et_pb_row column_structure=\u00a0\u00bb1_2,1_2&Prime; _builder_version=\u00a0\u00bb4.19.4&Prime; _module_preset=\u00a0\u00bbdefault\u00a0\u00bb custom_padding=\u00a0\u00bb|0px||0px|false|false\u00a0\u00bb custom_css_main_element=\u00a0\u00bbbackdrop-filter:blur(10px);\u00a0\u00bb global_colors_info=\u00a0\u00bb{}\u00a0\u00bb theme_builder_area=\u00a0\u00bbpost_content\u00a0\u00bb][et_pb_column type=\u00a0\u00bb1_2&Prime; _builder_version=\u00a0\u00bb4.19.3&Prime; _module_preset=\u00a0\u00bbdefault\u00a0\u00bb global_colors_info=\u00a0\u00bb{}\u00a0\u00bb theme_builder_area=\u00a0\u00bbpost_content\u00a0\u00bb][et_pb_text _builder_version=\u00a0\u00bb4.19.4&Prime; _module_preset=\u00a0\u00bbdefault\u00a0\u00bb text_font=\u00a0\u00bbAlumni Sans||||||||\u00a0\u00bb text_font_size=\u00a0\u00bb24px\u00a0\u00bb text_orientation=\u00a0\u00bbjustified\u00a0\u00bb global_colors_info=\u00a0\u00bb{}\u00a0\u00bb theme_builder_area=\u00a0\u00bbpost_content\u00a0\u00bb]<\/p>\n<p>Notre projet s&rsquo;inscrit dans une d\u00e9marche de haute qualit\u00e9 environnementale, soci\u00e9tale et promotion de l&rsquo;\u00e9conomie locale.<\/p>\n<blockquote>\n<p>Nous travaillons en famille sur ce projet depuis maintenant plus de quatre ans.<\/p>\n<\/blockquote>\n<p>Je suis \u00e9co constructeur dans l&rsquo;Aude depuis seize ans et apr\u00e8s une p\u00e9riode en tant que coordinateur et responsable p\u00e9dagogique dans un centre de formation, je me suis pleinement ouvert \u00e0 l&rsquo;id\u00e9e qu&rsquo;un jour nous serions en mesure d&rsquo;accueillir des gens avec qui nous pourrions partager nos valeurs. Ma moiti\u00e9 a travaill\u00e9 dans le milieu social et a accompagn\u00e9 \u00e9galement des personnes en situation de handicap. C&rsquo;est pourquoi, riche de nos exp\u00e9riences, nous voulions conjuguer nos atouts afin d&rsquo;aboutir \u00e0 notre projet.<\/p>\n<p><strong>Construit avec des mat\u00e9riaux naturels et novateurs<\/strong>, les g\u00eetes s\u2019int\u00e8grent dans les paysages et les espaces pr\u00e9serv\u00e9s du territoire. Ils sont r\u00e9alis\u00e9s sur le principe de l\u2019\u00e9coconstruction tout en respectant les r\u00e8gles du bio climatisme et d&rsquo;accessibilit\u00e9 aux personnes \u00e0 mobilit\u00e9 r\u00e9duite. Nous sommes lab\u00e9lis\u00e9s : \u00ab G\u00eete de France \u00bb et avons obtenu le label \u00ab Ecogite \u00bb &#8211; Nous allons \u00eatre prochainement lab\u00e9lis\u00e9 \u00ab Tourisme et Handicap \u00bb et \u00ab Vignoble et d\u00e9couverte\u00a0\u00bb.<\/p>\n<p><strong>Le label Ecog\u00eete<\/strong> a \u00e9t\u00e9 mis en place par les G\u00eetes de France. Depuis toujours, les G\u00eetes de France contribuent \u00e0 la pr\u00e9servation et \u00e0 la valorisation de l&rsquo;espace rural. L\u2019id\u00e9e est de limiter l&rsquo;impact environnemental des h\u00e9bergements touristiques.<br \/>En cr\u00e9ant ce label d\u2019\u00e9cotourisme, ils se sont engag\u00e9s dans une d\u00e9marche de pr\u00e9servation des ressources naturelles. Les h\u00e9bergements labellis\u00e9s \u00ab\u00a0Ecog\u00eete\u00a0\u00bb, vous accueillent dans un habitat sain et respectueux de l&rsquo;environnement.<\/p>\n<p>Etant soucieux de <strong>l\u2019accessibilit\u00e9<\/strong> aux personnes \u00e0 mobilit\u00e9 r\u00e9duite, nous avons port\u00e9 une attention toute particuli\u00e8re sur le \u00ab Kaze \u00bb, de fa\u00e7on \u00e0 int\u00e9grer des \u00e9l\u00e9ments favorisant la circulation et la visibilit\u00e9.<\/p>\n<p>Notre projet rentre \u00e9galement dans une d\u00e9marche partenariale. Nous avons mis en place, un r\u00e9seau de circuit court afin d&rsquo;\u00eatre en accord avec nos valeurs.<\/p>\n<p>L&rsquo;id\u00e9e globale de ce projet est bien de mettre en place un accueil touristique d&rsquo;un autre genre qui a pour but d&rsquo;impliquer nos h\u00f4tes dans cette d\u00e9marche environnementale et qu&rsquo;ils puissent, le temps d&rsquo;un s\u00e9jour, retrouver de l\u2019authenticit\u00e9.<\/p>\n<p><span style=\"font-size: xx-large;\">AU PLAISIR DE VOUS ACCUEUILLIR&#8230;<\/span><br \/><span style=\"font-size: xx-large;\">Christelle et Christian.<\/span><\/p>\n<p>[\/et_pb_text][\/et_pb_column][et_pb_column type=\u00a0\u00bb1_2&Prime; _builder_version=\u00a0\u00bb4.19.4&Prime; _module_preset=\u00a0\u00bbdefault\u00a0\u00bb custom_padding=\u00a0\u00bb0px|0px|0px|0px|false|true\u00a0\u00bb global_colors_info=\u00a0\u00bb{}\u00a0\u00bb theme_builder_area=\u00a0\u00bbpost_content\u00a0\u00bb][et_pb_gallery gallery_ids=\u00a0\u00bb450,451,452,454,453,455,457,456,458,459,460,461,462,463,465,464,471,470,468,467,466,469,472&Prime; posts_number=\u00a0\u00bb12&Prime; show_title_and_caption=\u00a0\u00bboff\u00a0\u00bb show_pagination=\u00a0\u00bboff\u00a0\u00bb _builder_version=\u00a0\u00bb4.19.5&Prime; _module_preset=\u00a0\u00bbdefault\u00a0\u00bb width=\u00a0\u00bb100%\u00a0\u00bb max_width=\u00a0\u00bb100%\u00a0\u00bb custom_margin=\u00a0\u00bb0px|0px|0px|26px|false|false\u00a0\u00bb custom_padding=\u00a0\u00bb0px|0px|0px|0px|false|false\u00a0\u00bb hover_enabled=\u00a0\u00bb0&Prime; custom_css_gallery_item=\u00a0\u00bbpadding:0;||margin:2px;||box-shadow:#00000033 0 0 1px; \u00a0\u00bb global_colors_info=\u00a0\u00bb{}\u00a0\u00bb theme_builder_area=\u00a0\u00bbpost_content\u00a0\u00bb sticky_enabled=\u00a0\u00bb0&Prime;][\/et_pb_gallery][\/et_pb_column][\/et_pb_row][et_pb_row _builder_version=\u00a0\u00bb4.19.4&Prime; _module_preset=\u00a0\u00bbdefault\u00a0\u00bb locked=\u00a0\u00bboff\u00a0\u00bb global_colors_info=\u00a0\u00bb{}\u00a0\u00bb theme_builder_area=\u00a0\u00bbpost_content\u00a0\u00bb][et_pb_column type=\u00a0\u00bb4_4&Prime; _builder_version=\u00a0\u00bb4.19.4&Prime; _module_preset=\u00a0\u00bbdefault\u00a0\u00bb global_colors_info=\u00a0\u00bb{}\u00a0\u00bb theme_builder_area=\u00a0\u00bbpost_content\u00a0\u00bb][et_pb_button button_url=\u00a0\u00bb@ET-DC@eyJkeW5hbWljIjp0cnVlLCJjb250ZW50IjoicG9zdF9saW5rX3VybF9wYWdlIiwic2V0dGluZ3MiOnsicG9zdF9pZCI6IjEzIn19@\u00a0\u00bb button_text=\u00a0\u00bbRetour\u00a0\u00bb button_alignment=\u00a0\u00bbcenter\u00a0\u00bb _builder_version=\u00a0\u00bb4.19.4&Prime; _dynamic_attributes=\u00a0\u00bbbutton_url\u00a0\u00bb _module_preset=\u00a0\u00bbdefault\u00a0\u00bb custom_button=\u00a0\u00bbon\u00a0\u00bb button_text_color=\u00a0\u00bbgcid-ef72bfc4-f26d-4a06-a371-2f069e140ae8&Prime; button_bg_color=\u00a0\u00bb#000000&Prime; button_border_width=\u00a0\u00bb0px\u00a0\u00bb button_border_radius=\u00a0\u00bb0px\u00a0\u00bb button_font=\u00a0\u00bb|||on|||||\u00a0\u00bb button_use_icon=\u00a0\u00bboff\u00a0\u00bb custom_padding=\u00a0\u00bb1rem|3.5rem|1rem|3.5rem|true|true\u00a0\u00bb global_colors_info=\u00a0\u00bb{%22gcid-ef72bfc4-f26d-4a06-a371-2f069e140ae8%22:%91%22button_text_color%22%93}\u00a0\u00bb theme_builder_area=\u00a0\u00bbpost_content\u00a0\u00bb][\/et_pb_button][\/et_pb_column][\/et_pb_row][\/et_pb_section]<\/p>\n","protected":false},"excerpt":{"rendered":"<p>LE Projet SUNKA \u3059\u3093\u304b\u30d7\u30ed\u30b8\u30a7\u30af\u30c8Notre projet s&rsquo;inscrit dans une d\u00e9marche de haute qualit\u00e9 environnementale, soci\u00e9tale et promotion de l&rsquo;\u00e9conomie locale. Nous travaillons en famille sur ce projet depuis maintenant plus de quatre ans. Je suis \u00e9co constructeur dans l&rsquo;Aude depuis seize ans et apr\u00e8s une p\u00e9riode en tant que coordinateur et responsable p\u00e9dagogique dans un centre [&hellip;]<\/p>\n","protected":false},"author":1,"featured_media":0,"parent":0,"menu_order":0,"comment_status":"closed","ping_status":"closed","template":"","meta":{"_et_pb_use_builder":"on","_et_pb_old_content":"","_et_gb_content_width":"","_monsterinsights_skip_tracking":false,"_monsterinsights_sitenote_active":false,"_monsterinsights_sitenote_note":"","_monsterinsights_sitenote_category":0,"footnotes":""},"class_list":["post-396","page","type-page","status-publish","hentry"],"aioseo_notices":[],"_links":{"self":[{"href":"https:\/\/sunka-ecogites.fr\/index.php\/wp-json\/wp\/v2\/pages\/396","targetHints":{"allow":["GET"]}}],"collection":[{"href":"https:\/\/sunka-ecogites.fr\/index.php\/wp-json\/wp\/v2\/pages"}],"about":[{"href":"https:\/\/sunka-ecogites.fr\/index.php\/wp-json\/wp\/v2\/types\/page"}],"author":[{"embeddable":true,"href":"https:\/\/sunka-ecogites.fr\/index.php\/wp-json\/wp\/v2\/users\/1"}],"replies":[{"embeddable":true,"href":"https:\/\/sunka-ecogites.fr\/index.php\/wp-json\/wp\/v2\/comments?post=396"}],"version-history":[{"count":14,"href":"https:\/\/sunka-ecogites.fr\/index.php\/wp-json\/wp\/v2\/pages\/396\/revisions"}],"predecessor-version":[{"id":623,"href":"https:\/\/sunka-ecogites.fr\/index.php\/wp-json\/wp\/v2\/pages\/396\/revisions\/623"}],"wp:attachment":[{"href":"https:\/\/sunka-ecogites.fr\/index.php\/wp-json\/wp\/v2\/media?parent=396"}],"curies":[{"name":"wp","href":"https:\/\/api.w.org\/{rel}","templated":true}]}}