{"id":229,"date":"2022-12-17T15:11:54","date_gmt":"2022-12-17T15:11:54","guid":{"rendered":"https:\/\/sunka-ecogites.fr\/?page_id=229"},"modified":"2023-02-02T16:25:23","modified_gmt":"2023-02-02T16:25:23","slug":"limoux","status":"publish","type":"page","link":"https:\/\/sunka-ecogites.fr\/index.php\/limoux\/","title":{"rendered":"Limoux"},"content":{"rendered":"<p>[et_pb_section fb_built=\u00a0\u00bb1&Prime; _builder_version=\u00a0\u00bb4.19.3&Prime; _module_preset=\u00a0\u00bbdefault\u00a0\u00bb background_color=\u00a0\u00bb#000000&Prime; width=\u00a0\u00bb100%\u00a0\u00bb custom_margin=\u00a0\u00bb0px||0px||false|false\u00a0\u00bb custom_padding=\u00a0\u00bb0px||0px||false|false\u00a0\u00bb global_colors_info=\u00a0\u00bb{}\u00a0\u00bb theme_builder_area=\u00a0\u00bbpost_content\u00a0\u00bb][et_pb_row _builder_version=\u00a0\u00bb4.19.3&Prime; _module_preset=\u00a0\u00bbdefault\u00a0\u00bb width=\u00a0\u00bb100%\u00a0\u00bb max_width=\u00a0\u00bb2560px\u00a0\u00bb module_alignment=\u00a0\u00bbcenter\u00a0\u00bb custom_margin=\u00a0\u00bb0px||0px||false|false\u00a0\u00bb custom_padding=\u00a0\u00bb0px||0px||false|false\u00a0\u00bb global_colors_info=\u00a0\u00bb{}\u00a0\u00bb theme_builder_area=\u00a0\u00bbpost_content\u00a0\u00bb][et_pb_column type=\u00a0\u00bb4_4&Prime; _builder_version=\u00a0\u00bb4.19.3&Prime; _module_preset=\u00a0\u00bbdefault\u00a0\u00bb global_colors_info=\u00a0\u00bb{}\u00a0\u00bb theme_builder_area=\u00a0\u00bbpost_content\u00a0\u00bb][et_pb_text _builder_version=\u00a0\u00bb4.19.4&Prime; _module_preset=\u00a0\u00bbdefault\u00a0\u00bb header_font=\u00a0\u00bbAlumni Sans|||on|||||\u00a0\u00bb header_text_align=\u00a0\u00bbcenter\u00a0\u00bb header_text_color=\u00a0\u00bb#c3af89&Prime; header_font_size=\u00a0\u00bb46px\u00a0\u00bb global_colors_info=\u00a0\u00bb{}\u00a0\u00bb theme_builder_area=\u00a0\u00bbpost_content\u00a0\u00bb]<\/p>\n<h1><span data-metadata=\"&lt;!--(figmeta)eyJmaWxlS2V5IjoicUVZOHlZS3hDdndYdWY4Y0x4ZmVHayIsInBhc3RlSUQiOjUyNTU0NDM5MywiZGF0YVR5cGUiOiJzY2VuZSJ9Cg==(\/figmeta)--&gt;\"><\/span><span>Limoux<br \/><\/span><\/h1>\n<h1 class=\"tw-data-text tw-text-large tw-ta\" data-placeholder=\"Traduction\" id=\"tw-target-text\" dir=\"ltr\"><span class=\"Y2IQFc\" lang=\"ja\">\u30ea\u30e0\u30fc<\/span><\/h1>\n<p>[\/et_pb_text][\/et_pb_column][\/et_pb_row][\/et_pb_section][et_pb_section fb_built=\u00a0\u00bb1&Prime; _builder_version=\u00a0\u00bb4.19.3&Prime; _module_preset=\u00a0\u00bbdefault\u00a0\u00bb background_color=\u00a0\u00bbRGBA(255,255,255,0)\u00a0\u00bb global_colors_info=\u00a0\u00bb{}\u00a0\u00bb theme_builder_area=\u00a0\u00bbpost_content\u00a0\u00bb][et_pb_row column_structure=\u00a0\u00bb1_2,1_2&Prime; _builder_version=\u00a0\u00bb4.19.3&Prime; _module_preset=\u00a0\u00bbdefault\u00a0\u00bb global_colors_info=\u00a0\u00bb{}\u00a0\u00bb theme_builder_area=\u00a0\u00bbpost_content\u00a0\u00bb][et_pb_column type=\u00a0\u00bb1_2&Prime; _builder_version=\u00a0\u00bb4.19.3&Prime; _module_preset=\u00a0\u00bbdefault\u00a0\u00bb global_colors_info=\u00a0\u00bb{}\u00a0\u00bb theme_builder_area=\u00a0\u00bbpost_content\u00a0\u00bb][et_pb_text _builder_version=\u00a0\u00bb4.19.4&Prime; _module_preset=\u00a0\u00bbdefault\u00a0\u00bb text_font=\u00a0\u00bbAlumni Sans||||||||\u00a0\u00bb text_font_size=\u00a0\u00bb22px\u00a0\u00bb text_orientation=\u00a0\u00bbjustified\u00a0\u00bb global_colors_info=\u00a0\u00bb{}\u00a0\u00bb theme_builder_area=\u00a0\u00bbpost_content\u00a0\u00bb]<\/p>\n<p>Limoux est une r\u00e9gion riche en histoire et en patrimoine. Entre vignobles, montagne et mer, vous d\u00e9couvrirez un paysage diversifi\u00e9 et des vestiges qui t\u00e9moignent de son pass\u00e9.<\/p>\n<p>Vous pourrez visiter des ch\u00e2teaux m\u00e9di\u00e9vaux, des abbayes, des \u00e9glises romanes et des maisons \u00e0 colombages. Vous d\u00e9couvrirez \u00e9galement de nombreux mus\u00e9es qui retracent l\u2019histoire de la r\u00e9gion, comme le Mus\u00e9e du carnaval de Limoux, le Mus\u00e9e du vin et du terroir, ou encore le Mus\u00e9e Petiet, <span>le mus\u00e9e du Piano, le mus\u00e9e des automates et le mus\u00e9e de l&rsquo;imprimerie. <\/span>.<\/p>\n<p>Limoux est \u00e9galement r\u00e9put\u00e9e pour ses traditions et ses f\u00eates. Vous pourrez assister \u00e0 des festivals de musique, de th\u00e9\u00e2tre, de danse ou de gastronomie, qui c\u00e9l\u00e8brent les sp\u00e9cialit\u00e9s locales et les traditions de la r\u00e9gion.<\/p>\n<p>Nous serons ravis de vous conseiller sur les sites et les \u00e9v\u00e9nements \u00e0 ne pas manquer lors de votre s\u00e9jour aux G\u00eetes Sunka. N\u2019h\u00e9sitez pas \u00e0 nous contacter pour plus d\u2019informations sur le patrimoine de Limoux et ses alentours.<\/p>\n<p>&nbsp;<\/p>\n<p>[\/et_pb_text][\/et_pb_column][et_pb_column type=\u00a0\u00bb1_2&Prime; _builder_version=\u00a0\u00bb4.19.3&Prime; _module_preset=\u00a0\u00bbdefault\u00a0\u00bb global_colors_info=\u00a0\u00bb{}\u00a0\u00bb theme_builder_area=\u00a0\u00bbpost_content\u00a0\u00bb][et_pb_gallery gallery_ids=\u00a0\u00bb277,278,279,280,281,282,283,284,285,286&Prime; gallery_orderby=\u00a0\u00bbrand\u00a0\u00bb fullwidth=\u00a0\u00bbon\u00a0\u00bb module_class=\u00a0\u00bbdiaporama-gite\u00a0\u00bb _builder_version=\u00a0\u00bb4.19.4&Prime; _module_preset=\u00a0\u00bbdefault\u00a0\u00bb auto=\u00a0\u00bbon\u00a0\u00bb auto_speed=\u00a0\u00bb3000&Prime; global_colors_info=\u00a0\u00bb{}\u00a0\u00bb theme_builder_area=\u00a0\u00bbpost_content\u00a0\u00bb][\/et_pb_gallery][et_pb_text _builder_version=\u00a0\u00bb4.19.4&Prime; _module_preset=\u00a0\u00bbdefault\u00a0\u00bb text_font=\u00a0\u00bbAlumni Sans||||||||\u00a0\u00bb text_text_color=\u00a0\u00bbgcid-77834d47-45b6-4e9a-8655-c6666b6e61df\u00a0\u00bb text_font_size=\u00a0\u00bb20px\u00a0\u00bb background_color=\u00a0\u00bb#000000&Prime; custom_padding=\u00a0\u00bb5px||5px|10px|false|false\u00a0\u00bb global_colors_info=\u00a0\u00bb{%22gcid-77834d47-45b6-4e9a-8655-c6666b6e61df%22:%91%22text_text_color%22%93}\u00a0\u00bb theme_builder_area=\u00a0\u00bbpost_content\u00a0\u00bb]<\/p>\n<h2>Quelques liens utiles<\/h2>\n<ul>\n<li>\n<div><a href=\"https:\/\/www.limouxin-tourisme.fr\/\" target=\"_blank\" data-saferedirecturl=\"https:\/\/www.google.com\/url?q=https:\/\/www.limouxin-tourisme.fr\/&amp;source=gmail&amp;ust=1674046392212000&amp;usg=AOvVaw2TRNv4mFNNc7ei2KRovnpr\" rel=\"noopener\">https:\/\/www.limouxin-tourisme.<wbr \/>fr\/<\/a><\/div>\n<\/li>\n<li>\n<div><a href=\"http:\/\/www.museedelimprimerie.fr\/\" target=\"_blank\" data-saferedirecturl=\"https:\/\/www.google.com\/url?q=http:\/\/www.museedelimprimerie.fr\/&amp;source=gmail&amp;ust=1674046392212000&amp;usg=AOvVaw0R28XwpXEqQE7SIeFc1FgK\" rel=\"noopener\">http:\/\/www.museedelimprimerie.<wbr \/>fr\/<\/a><\/div>\n<\/li>\n<li>\n<div><a href=\"http:\/\/www.museedelimprimerie.fr\/\" target=\"_blank\" data-saferedirecturl=\"https:\/\/www.google.com\/url?q=http:\/\/www.museedelimprimerie.fr\/&amp;source=gmail&amp;ust=1674046392212000&amp;usg=AOvVaw0R28XwpXEqQE7SIeFc1FgK\" rel=\"noopener\"><\/a><a href=\"https:\/\/www.facebook.com\/IAM.LIMOUX\" target=\"_blank\" data-saferedirecturl=\"https:\/\/www.google.com\/url?q=https:\/\/www.facebook.com\/IAM.LIMOUX&amp;source=gmail&amp;ust=1674046392212000&amp;usg=AOvVaw22akcfYZjJ4nCODUR27EPO\" rel=\"noopener\">https:\/\/www.facebook.com\/IAM.<wbr \/>LIMOUX<\/a><\/div>\n<\/li>\n<li><a href=\"https:\/\/www.facebook.com\/IAM.LIMOUX\" target=\"_blank\" data-saferedirecturl=\"https:\/\/www.google.com\/url?q=https:\/\/www.facebook.com\/IAM.LIMOUX&amp;source=gmail&amp;ust=1674046392212000&amp;usg=AOvVaw22akcfYZjJ4nCODUR27EPO\" rel=\"noopener\"><\/a><a href=\"https:\/\/musees-occitanie.fr\/musees\/musee-petiet\/\" target=\"_blank\" data-saferedirecturl=\"https:\/\/www.google.com\/url?q=https:\/\/musees-occitanie.fr\/musees\/musee-petiet\/&amp;source=gmail&amp;ust=1674046392212000&amp;usg=AOvVaw01qiqF77WRa_KtR_5w8JSK\" rel=\"noopener\">https:\/\/musees-occitanie.fr\/<wbr \/>musees\/musee-petiet\/<\/a><\/li>\n<\/ul>\n<div>\n<div><a href=\"mailto:museautomate@yahoo.fr\" target=\"_blank\" rel=\"noopener\"><\/a><\/div>\n<ul>\n<li><a href=\"https:\/\/www.limouxin-tourisme.fr\/offres\/musee-du-piano-limoux-fr-2669938\/\" target=\"_blank\" data-saferedirecturl=\"https:\/\/www.google.com\/url?q=https:\/\/www.limouxin-tourisme.fr\/offres\/musee-du-piano-limoux-fr-2669938\/&amp;source=gmail&amp;ust=1674046392212000&amp;usg=AOvVaw2qOQcPiRrnhMvOmuWtc_ed\" rel=\"noopener\">https:\/\/www.limouxin-tourisme.<wbr \/>fr\/offres\/musee-du-piano-<wbr \/>limoux-fr-2669938<\/a><\/li>\n<li><a href=\"mailto:museautomate@yahoo.fr\" target=\"_blank\" rel=\"noopener\">museautomate@yahoo.fr<\/a><\/li>\n<\/ul>\n<\/div>\n<p>[\/et_pb_text][\/et_pb_column][\/et_pb_row][et_pb_row _builder_version=\u00a0\u00bb4.19.4&Prime; _module_preset=\u00a0\u00bbdefault\u00a0\u00bb locked=\u00a0\u00bboff\u00a0\u00bb global_colors_info=\u00a0\u00bb{}\u00a0\u00bb theme_builder_area=\u00a0\u00bbpost_content\u00a0\u00bb][et_pb_column type=\u00a0\u00bb4_4&Prime; _builder_version=\u00a0\u00bb4.19.4&Prime; _module_preset=\u00a0\u00bbdefault\u00a0\u00bb global_colors_info=\u00a0\u00bb{}\u00a0\u00bb theme_builder_area=\u00a0\u00bbpost_content\u00a0\u00bb][et_pb_button button_url=\u00a0\u00bb@ET-DC@eyJkeW5hbWljIjp0cnVlLCJjb250ZW50IjoicG9zdF9saW5rX3VybF9wYWdlIiwic2V0dGluZ3MiOnsicG9zdF9pZCI6IjI3In19@\u00a0\u00bb button_text=\u00a0\u00bbRetour\u00a0\u00bb button_alignment=\u00a0\u00bbcenter\u00a0\u00bb _builder_version=\u00a0\u00bb4.19.4&Prime; _dynamic_attributes=\u00a0\u00bbbutton_url\u00a0\u00bb _module_preset=\u00a0\u00bbdefault\u00a0\u00bb custom_button=\u00a0\u00bbon\u00a0\u00bb button_text_color=\u00a0\u00bbgcid-ef72bfc4-f26d-4a06-a371-2f069e140ae8&Prime; button_bg_color=\u00a0\u00bb#000000&Prime; button_border_width=\u00a0\u00bb0px\u00a0\u00bb button_border_radius=\u00a0\u00bb0px\u00a0\u00bb button_font=\u00a0\u00bb|||on|||||\u00a0\u00bb button_use_icon=\u00a0\u00bboff\u00a0\u00bb custom_padding=\u00a0\u00bb1rem|3.5rem|1rem|3.5rem|true|true\u00a0\u00bb global_colors_info=\u00a0\u00bb{%22gcid-ef72bfc4-f26d-4a06-a371-2f069e140ae8%22:%91%22button_text_color%22%93}\u00a0\u00bb theme_builder_area=\u00a0\u00bbpost_content\u00a0\u00bb][\/et_pb_button][\/et_pb_column][\/et_pb_row][\/et_pb_section]<\/p>\n","protected":false},"excerpt":{"rendered":"<p>Limoux \u30ea\u30e0\u30fcLimoux est une r\u00e9gion riche en histoire et en patrimoine. Entre vignobles, montagne et mer, vous d\u00e9couvrirez un paysage diversifi\u00e9 et des vestiges qui t\u00e9moignent de son pass\u00e9. Vous pourrez visiter des ch\u00e2teaux m\u00e9di\u00e9vaux, des abbayes, des \u00e9glises romanes et des maisons \u00e0 colombages. Vous d\u00e9couvrirez \u00e9galement de nombreux mus\u00e9es qui retracent l\u2019histoire de [&hellip;]<\/p>\n","protected":false},"author":1,"featured_media":0,"parent":0,"menu_order":0,"comment_status":"closed","ping_status":"closed","template":"","meta":{"_et_pb_use_builder":"on","_et_pb_old_content":"<!-- wp:divi\/placeholder \/-->","_et_gb_content_width":"","_monsterinsights_skip_tracking":false,"_monsterinsights_sitenote_active":false,"_monsterinsights_sitenote_note":"","_monsterinsights_sitenote_category":0,"footnotes":""},"class_list":["post-229","page","type-page","status-publish","hentry"],"aioseo_notices":[],"_links":{"self":[{"href":"https:\/\/sunka-ecogites.fr\/index.php\/wp-json\/wp\/v2\/pages\/229","targetHints":{"allow":["GET"]}}],"collection":[{"href":"https:\/\/sunka-ecogites.fr\/index.php\/wp-json\/wp\/v2\/pages"}],"about":[{"href":"https:\/\/sunka-ecogites.fr\/index.php\/wp-json\/wp\/v2\/types\/page"}],"author":[{"embeddable":true,"href":"https:\/\/sunka-ecogites.fr\/index.php\/wp-json\/wp\/v2\/users\/1"}],"replies":[{"embeddable":true,"href":"https:\/\/sunka-ecogites.fr\/index.php\/wp-json\/wp\/v2\/comments?post=229"}],"version-history":[{"count":15,"href":"https:\/\/sunka-ecogites.fr\/index.php\/wp-json\/wp\/v2\/pages\/229\/revisions"}],"predecessor-version":[{"id":596,"href":"https:\/\/sunka-ecogites.fr\/index.php\/wp-json\/wp\/v2\/pages\/229\/revisions\/596"}],"wp:attachment":[{"href":"https:\/\/sunka-ecogites.fr\/index.php\/wp-json\/wp\/v2\/media?parent=229"}],"curies":[{"name":"wp","href":"https:\/\/api.w.org\/{rel}","templated":true}]}}